97693 (base 10) to base 14.
-d2a8a1
-912397a (base 11) to base 9
-33328264
What is -200140230 (base 5) in base 12?
-31b4a4
What is 82b87 (base 12) in base 11?
107553
What is -222010221 (base 3) in base 8?
-45164
What is 10304104 (base 5) in base 7?
514434
What is 19 (base 12) in base 13?
18
23ee7 (base 16) to base 15
2d91a
What is 2ee77 (base 16) in base 6?
4041235
Convert -1100011011001000000 (base 2) to base 11.
-258955
What is -1022733 (base 11) in base 9?
-3350135
be83d (base 15) to base 7
5102500
31140010 (base 5) to base 11
165071
3013164 (base 7) to base 12
152360
What is -100016 (base 13) in base 5?
-43340222
12013240 (base 5) to base 3
12121111120
2215400 (base 7) to base 2
1000010101101001000
-246a72 (base 12) to base 13
-1798c1
Convert -117987 (base 10) to base 16.
-1cce3
Convert 18bd (base 15) to base 8.
12351
What is 203367 (base 8) in base 11?
4663a
Convert 62dec (base 15) to base 16.
4c92f
Convert -251634 (base 9) to base 12.
-74071
-61cb94 (base 14) to base 10
-3300574
-245722 (base 8) to base 11
-58904
-674421 (base 8) to base 3
-102120012200
-10121411411 (base 5) to base 15
-d94221
Convert -2241200 (base 5) to base 7.
-225062
What is -111010110111010110 (base 2) in base 5?
-30203420
What is 831887 (base 9) in base 13?
14383c
What is 210111011021 (base 3) in base 5?
102013220
Convert -18e62a (base 15) to base 12.
-4a5b87
Convert -114121130 (base 5) to base 10.
-535790
Convert -95d47 (base 14) to base 7.
-3035420
Convert -14133030 (base 5) to base 13.
-515cc
103808 (base 11) to base 8
504204
-82123 (base 12) to base 3
-22121112100
-1c906c (base 15) to base 14
-28534c
Convert 3725036 (base 12) to base 2.
101001000000011111101010
Convert 5480 (base 13) to base 10.
11765
138721 (base 10) to base 5
13414341
-100110010 (base 4) to base 16
-10504
Convert -464737 (base 11) to base 9.
-1344630
What is 10001001010000010 (base 2) in base 9?
116352
What is 3830106 (base 10) in base 5?
1440030411
Convert 14224120 (base 6) to base 14.
c8d8c
455627 (base 10) to base 12
19b80b
-33224134 (base 5) to base 14
-775dc
What is -1104312 (base 5) in base 3?
-222112000
What is -22221311 (base 5) in base 11?
-123730
What is -a4261 (base 12) in base 5?
-23332013
What is -5231aa (base 15) in base 8?
-16722033
What is 32212213013 (base 4) in base 3?
21012111020222
Convert 363b2 (base 13) to base 12.
49711
52276545 (base 8) to base 16
a97d65
-134003410 (base 6) to base 8
-12246636
-3320112011 (base 4) to base 13
-29800a
Convert 50d46 (base 14) to base 11.
123301
What is -37558 (base 14) in base 13?
-498b2
What is -1362876 (base 11) in base 9?
-4365430
Convert -102010112013 (base 4) to base 5.
-2203031031
What is 581bb9 (base 12) in base 8?
5310575
What is 1636265 (base 7) in base 5?
24243042
-255031155 (base 6) to base 9
-10354648
Convert -121d5 (base 15) to base 8.
-160710
Convert -2213022 (base 4) to base 13.
-4b3c
Convert -10214331 (base 5) to base 9.
-140361
What is 42426c (base 13) in base 9?
2824240
1051120 (base 6) to base 4
31002120
Convert -2696895 (base 10) to base 13.
-7356c6
Convert 2061446 (base 7) to base 13.
89bc1
Convert -131090 (base 12) to base 10.
-312876
What is 1264036 (base 7) in base 5?
20321233
What is 113301211 (base 4) in base 6?
2030501
17068a0 (base 12) to base 6
245325520
263515 (base 7) to base 6
1020134
Convert -13533131 (base 6) to base 14.
-c0c23
-8030 (base 12) to base 16
-3624
422221043 (base 5) to base 10
1757648
Convert -4be4bc (base 15) to base 9.
-6761756
Convert 57a901 (base 11) to base 2.
11100001001000011110
6160261 (base 8) to base 6
54540025
1181756 (base 10) to base 16
12083c
Convert 574307 (base 13) to base 3.
10212221121012
What is -2762204 (base 9) in base 12?
-612027
-10101100010110001 (base 2) to base 8
-254261
-100110110000000001 (base 2) to base 10
-158721
Convert -c43c (base 15) to base 9.
-62773
-710075 (base 9) to base 7
-3366260
Convert 3a9530 (base 11) to base 12.
26b770
Convert -11420757 (base 8) to base 16.
-2621ef
Convert -15a815 (base 13) to base 8.
-2031536
3030311122 (base 4) to base 14
17ba8a
212212101 (base 4) to base 13
56c64
Convert 1004600 (base 7) to base 16.
1d213
Convert 44320111 (base 6) to base 3.
2111200121121
-205614 (base 8) to base 6
-1245032
-3011221233 (base 4) to base 14
-171075
What is -316054 (base 7) in base 4?
-31122013
Convert -1230322213 (base 5) to base 3.
-12121101100122
Convert -10555424 (base 6) to base 16.
-4fb88
What is 58687 (base 9) in base 15?
b937
Convert 44330340 (base 7) to base 12.
1344173
What is 1e469 (base 15) in base 10?
98874
4ba60 (base 12) to base 16
19428
Convert 2120122000202 (base 3) to base 8.
5164654
Convert -1410330114 (base 5) to base 8.
-15601052
-105013353 (base 6) to base 3
-10121021212020
21002022021010 (base 3) to base 7
44002032
-2050134 (base 8) to base 13
-161004
What is -189da1 (base 16) in base 12?
-6596a9
What is -10010010101010110 (base 2) in base 5?
-4400334
4a465d (base 14) to base 8
11557753
What is -12210011010 (base 3) in base 12?
-55a63
Convert 271138b (base 12) to base 8.
35406733
Convert -78b931 (base 14) to base 7.
-46612161
What is -368157 (base 10) in base 3?
-200201000110
Convert d6999 (base 14) to base 10.
517771
What is 263621 (base 7) in base 9?
74632
1201328 (base 11) to base 2
111111111100100011011
-2103231230 (base 4) to base 14
-11a6cc
Convert 9d0718 (base 14) to base 13.
11501ac
What is -1f94cf (base 16) in base 3?
-10220011002222
What is -101110000011111101 (base 2) in base 6?
-4013245
What is 1011001110000000000 (base 2) in base 7?
3060524
What is -45554163 (base 7) in base 11?
-22791a2
What is 801395 (base 11) in base 10?
1290206
Convert 777982 (base 11) to base 6.
42330152
Convert 13414441 (base 5) to base 6.
2550202
Convert -28446 (base 10) to base 5.
-1402241
-1d1523 (base 15) to base 16
-15b2d1
What is -1112141 (base 6) in base 8?
-155635
-150551515 (base 6) to base 8
-13727507
What is 1100542 (base 6) in base 2?
1101010101101110
333024234 (base 5) to base 6
51103504
Convert -13013404 (base 5) to base 8.
-366230
4465432 (base 7) to base 5
120213124
What is -5842570 (base 9) in base 6?
-151403143
-93534b (base 12) to base 9
-4311765
Convert 1000010110100111010110 (base 2) to base 9.
4106731
1927542 (base 10) to base 12
78b586
398426 (base 15) to base 4
22202033112
100140111 (base 5) to base 12
1713b5
Convert 31313014 (base 7) to base 8.
12050334
Convert -22a3c6 (base 15) to base 11.
-a30152
Convert -923669 (base 13) to base 7.
-40645226
What is -101131320211 (base 4) in base 13?
-c441a6
Convert 230004 (base 8) to base 2.
10011000000000100
1ea15 (base 16) to base 6
2404501
247289 (base 10) to base 2
111100010111111001
Convert 21101121001 (base 3) to base 4.
203201200
Convert -341870 (base 9) to base 7.
-1512114
-2a9a3 (base 15) to base 14
-37dc6
What is 88467 (base 9) in base 8?
162521
What is -28dc33 (base 15) in base 9?
-3632753
Convert 5754342 (base 8) to base 10.
1562850
What is -1000201313012 (base 4) in base 12?
-57b9372
Convert 29102 (base 12) to base 9.
86372
What is 23243423 (base 5) in base 6?
4315055
What is 803953 (base 12) in base 4?
13213212033
What is 13622206 (base 8) in base 11?
1820245
Convert -45120 (base 9) to base 15.
-8d43
-128231 (base 15) to base 5
-211404441
Convert 233064 (base 13) to base 12.
343226
Convert 11310313024 (base 5) to base 16.
c60bc3
Convert -50744 (base 11) to base 7.
-426015
What is 1248142 (base 14) in base 8?
41376376
-11331313232 (base 4) to base 16
-17ddee
203031534 (base 6) to base 3
20120222220111
42103403 (base 5) to base 3
122122110221
22118d (base 14) to base 12
478875
What is 1001011000010000 (base 2) in base 12?
1a294
What is 21217 (base 16) in base 8?
411027
-397a110 (base 12) to base 9
-23334023
Convert 2222012012222 (base 3) to base 5.
401002241
What is -1e2386 (base 16) in base 15?
-290384
Convert 18eb2 (base 16) to base 15.
20396
What is 43445320 (base 6) in base 5?
313002300
-44dc98 (base 15) to base 11
-19453a6
747635 (base 9) to base 12
195788
-8aad (base 15) to base 6
-344101
2112110100021 (base 3) to base 6
44514054
Convert 47932 (base 12) to base 4.
113201312
What is -60521246 (base 7) in base 9?
-10416572
1020010210100 (base 3) to base 6
21551530
-4977972 (base 10) to base 9
-10326440
222422024 (base 5) to base 10
982764
Convert -2262b9 (ba